4, -5*w - r*b = 5. Let a = 9 - w. Calculate the highest common divisor of a and 4.
2
Suppose o + 6 = 0, -125*o + 122*o + 254 = 2*n. What is the greatest common factor of n and 184?
8
Let o be 48 - 2/4*0. Suppose 11*u + 13*u - 96 = 0. Suppose -3*b = 4*l - 93, 5*b - 2*b + 99 = u*l. Calculate the greatest common factor of l and o.
24
Suppose 84 - 96 = 3*s. Let g be 221 - (2/s)/((-1)/2). Calculate the greatest common divisor of 20 and g.
20
Let n(z) = 3*z - 8. Let o be n(5). Suppose -o*u + 378 = -0*u. Let w = 134 - u. What is the greatest common factor of w and 16?
16
Let k = -6 - -24. Let c be ((-354)/(-108) + (-8)/(-36))*96. Suppose -4*p = -6*p - 3*b + c, 0 = 2*p + b - 328. Calculate the highest common divisor of k and p.
18
Let j be (-1 - 0) + -1 - (6 - -46). Let f be j/(-45) - (-136)/20. Calculate the highest common factor of 256 and f.
8
Suppose -4*l = 0, -3*v + l + 24 = v. Suppose 6*j + v*j = 780. What is the greatest common divisor of j and 715?
65
Let w be (1/3*1)/(56/(-840)). Let j be -144*w/50*5. What is the greatest common factor of j and 32?
8
Suppose 14*c + 38 - 682 = 0. Let x be 2/5 - 14/35*c. Let u = x + 53. Calculate the highest common factor of 5 and u.
5
Let o(t) = -2*t + 37. Let f be o(17). Suppose -f*s = 2*q + s, 3*s + 22 = 4*q. Suppose -q*l + 71 = 15. What is the greatest common divisor of 14 and l?
14
Let d(z) = 24 - 13 + 5*z - 13. Let p be d(6). Let b = -85 - -155. Calculate the greatest common divisor of b and p.
14
Suppose 0*d + 2*d - 448 = -u, 451 = u - d. Suppose -s = 3*f - 3, 4*f = 7 - 27. Calculate the greatest common divisor of s and u.
18
Let p = -81 + 88. Suppose -3*t = -2*x + 47, -p*x + 2*x = 4*t - 129. Calculate the greatest common factor of 40 and x.
5
Let f = 2428 + -1972. Calculate the greatest common divisor of f and 264.
24
Let h = -583 + 140. Let r = h + 481. What is the highest common divisor of 171 and r?
19
Let y(f) = -3*f - 10. Let q(u) = 2*u + 7. Let g be q(-6). Let h be y(g). What is the highest common factor of h and 5?
5
Suppose 3*x + 216 = 3*b, b = 5*b + 10*x - 330. What is the greatest common factor of 5295 and b?
15
Suppose -2*m = -4*p + 46, -2*p + 14 = -10*m + 6*m. Suppose u - p = -25. Let t be ((-92)/12 - -3)*u. What is the greatest common divisor of 14 and t?
14
Suppose -33*z - 13*z + 7084 = 0. Calculate the highest common divisor of 594 and z.
22
Let v be (33 - -2)/(-7) - -9. Suppose -5*x - 3*h + 105 + 82 = 0, -4*h - v = 0. What is the highest common factor of 266 and x?
38
Let k = 63 - 60. Suppose 4*y - 121 = -r - 47, -4*r + 98 = 5*y. Calculate the greatest common factor of y and k.
3
Let m(o) = 5*o**2 + 32*o - 31. Let d be m(1). What is the highest common factor of d and 213?
3
Suppose 158*y = -12*y + 610782 + 1354418. Calculate the highest common divisor of 30 and y.
10
Suppose 3*t = -0*t + 150. Let n = -2407 - -2447. What is the greatest common divisor of t and n?
10
Suppose 167*o = -20 + 187. Calculate the highest common divisor of o and 1294.
1
Let u be -3 - (9 + -2) - (-17499 - -20). What is the greatest common divisor of 27 and u?
27
Suppose 4*v + 5*o - 8791 = 19296, o = 4*v - 28069. What is the highest common factor of v and 121?
121
Let r = 2123 - 2083. Calculate the greatest common divisor of 18 and r.
2
Let w = 25223 - 25055. Suppose 2*r = 33 + 63. What is the greatest common divisor of r and w?
24
Let p be -1 + (-2)/4*-2. Suppose 5*b - 3*i - 78 - 117 = p, 0 = -4*b - 3*i + 129. What is the greatest common divisor of b and 84?
12
Suppose -6*w + 1267 = 67. What is the greatest common divisor of 1900 and w?
100
Let d be ((-45)/(-5) + -1)/(-2). Let a be 408/17*10/d. Let q = 78 + a. Calculate the highest common factor of q and 252.
18
Let n = -7160 - -7700. Calculate the highest common divisor of n and 3996.
108
Suppose -40*o + 123*o - 465 = 52*o. Suppose -f + 45 = 2*f. What is the highest common divisor of o and f?
15
Let v be 4/(-34) + 1260/306. Suppose -168 = -3*b - 2*n, b = -5*n - v + 60. Calculate the highest common factor of b and 70.
14
Suppose -951 = 4*j - 1023. Let u = 142 + j. Calculate the highest common divisor of u and 100.
20
Let s(d) = d**3 - 8*d**2 + 5*d + 5. Let p be s(8). Let j = 62 - p. Suppose -y + 39 = -131. Calculate the greatest common factor of y and j.
17
Let y be (0 + 2)*2 + 0. Suppose -4*p + 7*v - 5*v = 0, -5*v + 9 = -7*p. Suppose -p*l + y*l = 192. What is the highest common divisor of 12 and l?
12
Let f(x) = x**3 + 7*x**2 - x + 1. Suppose -5*u - 28 = -u. Let q be f(u). Suppose -9*s - q = -26. Calculate the highest common factor of 3 and s.
1
Suppose 7*f = -90*f + 16*f + 50544. What is the greatest common factor of 240 and f?
48
Let r(j) = -4 - 112 + 9*j - 7*j - 11*j. Let p be r(-14). What is the highest common factor of p and 14?
2
Let l = 1040 + 700. Suppose -5*c + 14 = -6, -l = -4*q + 5*c. What is the highest common factor of 40 and q?
40
Suppose 2 = j - 2*j + 4*l, -4*j - 3*l + 87 = 0. Suppose -j*q + 3*q + 555 = 0. Suppose -5 - q = -6*x. What is the greatest common factor of x and 70?
7
Let x be (-3)/((-6)/(-4)) + -2. Let j = -871 - -835. Let p be 9/x*j/9. Calculate the greatest common factor of 36 and p.
9
Let k = -31 - -43. Let n(f) = -f**3 + 48*f**2 + 9*f - 293. Let i be n(48). Let w be 0/2 + (7 - (-10 - i)). Calculate the greatest common divisor of k and w.
12
Let z = -111 - -125. Suppose 0 = z*a + 36*a - 10500. What is the greatest common factor of a and 28?
14
Let g(t) = -3*t**3 + 8*t**2 + 4*t + 8. Let v be g(-8). Suppose 0 = 65*i - 57*i - v. What is the highest common divisor of 23 and i?
23
Let h(m) = m**2 + 11*m + 32. Let n be h(-5). Suppose -432 = -4*v + 5*c, -n*c - 19 = 2*v - 235. Calculate the greatest common factor of 24 and v.
12
Let j(v) = -140*v - 308. Let i be j(-3). Calculate the greatest common factor of 192 and i.
16
Let r be (441544/1164)/((-4)/(-318)). What is the greatest common divisor of r and 53?
53
Suppose 3 = -2*c - 1, -3*c + 435 = i. Let v(s) = -593*s + 5463. Let d be v(9). What is the highest common factor of d and i?
63
Let p be (6/8*7)/((-6)/(-456)). What is the highest common factor of 189 and p?
21
Suppose -30*i + 17408 = -13282. Calculate the greatest common divisor of i and 66.
33
Suppose 29*j - 39858 = 10*j - 2*j. Calculate the greatest common factor of j and 91.
13
Suppose -13*x + 2*x + 539 = 0. Let f = -317 + 338. What is the greatest common divisor of x and f?
7
Let o(n) = n**3 - 11*n**2 - 4*n - 48. Let a be o(12). Let v(j) = 3*j**2 - 58*j + 51. Let p be v(27). What is the highest common factor of a and p?
48
Let h(f) = f**3 - 7*f**2 + 10*f - 3. Suppose -193 = -11*o - 127. Let u be h(o). Calculate the highest common divisor of u and 28.
7
Let h be ((-63)/(-7) + (-1969)/(-11))*(-15)/(-10). Calculate the highest common factor of h and 4418.
94
Let g = 12819 - 9949. Calculate the greatest common divisor of g and 30.
10
Let k be 4401/(-978) - 2505/(-2). What is the greatest common divisor of k and 39?
39
Let o = 8498 + -6735. What is the highest common divisor of 43 and o?
43
Let m(z) = -2*z**2 + 77*z - 77. Let v = 203 - 166. Let p be m(v). Calculate the greatest common factor of p and 153.
17
Suppose 5*f - 5*s = -92 + 72, 0 = -f + 27*s - 264. Suppose 18 - 3 = 5*z. Let q be z/(2 + 5/(-3)). What is the highest common factor of q and f?
3
Let u(v) = 2*v**2 - 20*v + 1025. Let l be u(27). What is the greatest common factor of l and 87?
29
Let b be 4/((32/(-40))/(92/(-10))). Suppose 4*w - b = 70. Calculate the highest common divisor of 145 and w.
29
Let w be -2 - (-36)/21 - 564/84. Let h(o) = 5*o + 51. Let r be h(w). Calculate the highest common divisor of r and 6.
2
Let x be 270/(-20)*(-4)/(-6)*-1. Let l(k) = k**3 - 8*k**2 - 3*k - 10. Let y be l(x). What is the highest common divisor of y and 396?
44
Let a(b) = 4*b**2 + 25*b + 176. Let h be a(-20). What is the greatest common factor of h and 44?
44
Let d(w) = -w**3 + 9*w**2 - 19*w + 26. Let u be d(6). Let v(n) = n**3 - n + 20. Let j be v(0). Suppose g = -g + j. What is the highest common factor of u and g?
10
Suppose 3*g + 2*g = 25. Let d(l) = 7*l**2 + 9*l + 4. Let z be d(g). Calculate the highest common factor of 14 and z.
14
Let h be (5698/(-2) + (186 - 181))*(-5)/3. What is the greatest common factor of h and 2528?
316
Let j be (2/(-5))/(2/(-10)). Suppose -2*s = -j*y 